{"id":267,"date":"2011-10-01T13:28:19","date_gmt":"2011-10-01T20:28:19","guid":{"rendered":"http:\/\/www.lalawinternational.com\/?page_id=267"},"modified":"2019-05-19T13:37:04","modified_gmt":"2019-05-19T20:37:04","slug":"prenuptial-and-postnuptial-agreements","status":"publish","type":"page","link":"https:\/\/frenchcounsel.com\/index.php\/prenuptial-and-postnuptial-agreements\/","title":{"rendered":"Prenuptial Postnuptial Agreements"},"content":{"rendered":"<p><span style=\"color: #333333;\"><strong>PRENUPTIAL AND POSTNUPTIAL AGREEMENTS<\/strong><\/span><\/p>\n<p>California law regarding premarital agreements differs from French law in many ways. In France, future spouses who wish to enter into a premarital agreement (<em>contrat de mariage<\/em>) must appear together before a <em>notaire <\/em>prior to the wedding and select with his or her assistance one of the <em>r\u00e9gimes matrimoniaux <\/em>offered by the French Civil Code.<\/p>\n<p>A French <em>notaire <\/em>is not at all the equivalent of an American notary public, but rather a legal professional specializing in wills, real estate transactions, prenuptial agreements, and generally all documents or deeds requiring that the informed consent of the parties be ascertained. The <em>notaire<\/em>&nbsp;will advise the future spouses of the legal consequences of their choice of <em>r<em>\u00e9<\/em>gime.<\/em><\/p>\n<p>French future spouses have an option between several versions of the community property and other <em>r\u00e9gimes, <\/em>including <em>s\u00e9paration de biens <\/em>(separate property). Those statutory <em>r\u00e9gimes <\/em>may, within certain public policy limits, be modified by the future spouses to accommodate their specific needs. Of course, spouses may choose not to enter into a premarital agreement, and the default <em>r\u00e9gime <\/em>of<em> communaut\u00e9 r\u00e9duite aux acqu\u00eats&nbsp;<\/em>(one of the forms of French community property) will then govern their legal relationship.<\/p>\n<p>If a couple marries in California without a premarital agreement, California community property applies. This is similar -though not identical- to the French default <em>r\u00e9gime. <\/em>Under California law, future spouses may also modify their legal relationship by entering into a prenuptial agreement drafted by two separate attorneys. California law, unlike French law, does not provide &#8220;ready-made&#8221; frameworks for prenuptial agreements<em>. <\/em>Future spouses and their attorneys have more leeway to define their future legal relationship than is usual in France, although they are bound as well by public policy considerations in drafting the agreement.<\/p>\n<p>In spite of these differences, the practical consequences of premarital agreements in France and California may be very similar. For instance, both spouses may wish for their California premarital agreement to provide that their earnings during the marriage remain separate, which could likewise be achieved through the <em>r\u00e9gime of s\u00e9paration de biens <\/em>under French law. However, because the formal requirements of a French premarital agreement are quite different from those of a California agreement, a French <em>contrat de mariage <\/em>may be challenged before California courts.<\/p>\n<p>So, what&#8217;s a French-American couple to do? The prudent course is to have dual prenuptial agreements, a&nbsp;<em>contrat de mariage<\/em>&nbsp;under French law, executed either before a&nbsp;French&nbsp;<em>notaire <\/em>or the notarial section of a French Consulate, and a California prenuptial agreement, subject to the specific requirements of California law. Another option is to &#8220;americanize&#8221; the French <em>contrat de mariage <\/em>by incorporating substantial and formal requirements typical of California prenuptial agreements.<\/p>\n<p>And if a married couple moves to California, the best way to avoid costly litigation down the line is to enter into a California postnuptial agreement, which may replicate, or sometimes modify, the provisions of the initial <em>contrat de mariage<\/em>.<\/p>\n<p><strong>Read more:<\/strong> Article <strong><em><a href=\"http:\/\/frenchcounsel.com\/wp-content\/uploads\/2011\/10\/French-Knots.pdf\">FRENCH KNOTS<\/a><\/em><\/strong> by Peter Walzer and <a title=\"Catherine Parker\" href=\"http:\/\/frenchcounsel.com\/index.php\/catherine-parker-2\/\">Catherine Parker<\/a> (PDF)<\/p>\n","protected":false},"excerpt":{"rendered":"<p>PRENUPTIAL AND POSTNUPTIAL AGREEMENTS California law regarding premarital agreements differs from French law in many ways. In France, future spouses who wish to enter into a premarital agreement (contrat de mariage) must appear together before a notaire prior to the wedding and select with his or her assistance one of the r\u00e9gimes matrimoniaux offered by <a href='https:\/\/frenchcounsel.com\/index.php\/prenuptial-and-postnuptial-agreements\/' class='excerpt-more'>[&#8230;]<\/a><\/p>\n","protected":false},"author":3,"featured_media":1024,"parent":0,"menu_order":1,"comment_status":"closed","ping_status":"closed","template":"","meta":{"_monsterinsights_skip_tracking":false,"_monsterinsights_sitenote_active":false,"_monsterinsights_sitenote_note":"","_monsterinsights_sitenote_category":0},"yoast_head":"<!-- This site is optimized with the Yoast SEO plugin v20.3 - https:\/\/yoast.com\/wordpress\/plugins\/seo\/ -->\n<title>Prenuptial Postnuptial Agreements - Catherine Parker Law<\/title>\n<meta name=\"robots\" content=\"index, follow, max-snippet:-1, max-image-preview:large, max-video-preview:-1\" \/>\n<link rel=\"canonical\" href=\"https:\/\/frenchcounsel.com\/index.php\/prenuptial-and-postnuptial-agreements\/\" \/>\n<meta property=\"og:locale\" content=\"en_US\" \/>\n<meta property=\"og:type\" content=\"article\" \/>\n<meta property=\"og:title\" content=\"Prenuptial Postnuptial Agreements - Catherine Parker Law\" \/>\n<meta property=\"og:description\" content=\"PRENUPTIAL AND POSTNUPTIAL AGREEMENTS California law regarding premarital agreements differs from French law in many ways. In France, future spouses who wish to enter into a premarital agreement (contrat de mariage) must appear together before a notaire prior to the wedding and select with his or her assistance one of the r\u00e9gimes matrimoniaux offered by [...]\" \/>\n<meta property=\"og:url\" content=\"https:\/\/frenchcounsel.com\/index.php\/prenuptial-and-postnuptial-agreements\/\" \/>\n<meta property=\"og:site_name\" content=\"Catherine Parker Law\" \/>\n<meta property=\"article:modified_time\" content=\"2019-05-19T20:37:04+00:00\" \/>\n<meta property=\"og:image\" content=\"https:\/\/mlfivfpnfmdn.i.optimole.com\/w:auto\/h:auto\/q:mauto\/https:\/\/frenchcounsel.com\/wp-content\/uploads\/2011\/10\/800px-Rings.png\" \/>\n\t<meta property=\"og:image:width\" content=\"800\" \/>\n\t<meta property=\"og:image:height\" content=\"327\" \/>\n\t<meta property=\"og:image:type\" content=\"image\/png\" \/>\n<meta name=\"twitter:label1\" content=\"Est. reading time\" \/>\n\t<meta name=\"twitter:data1\" content=\"3 minutes\" \/>\n<script type=\"application\/ld+json\" class=\"yoast-schema-graph\">{\"@context\":\"https:\/\/schema.org\",\"@graph\":[{\"@type\":\"WebPage\",\"@id\":\"https:\/\/frenchcounsel.com\/index.php\/prenuptial-and-postnuptial-agreements\/\",\"url\":\"https:\/\/frenchcounsel.com\/index.php\/prenuptial-and-postnuptial-agreements\/\",\"name\":\"Prenuptial Postnuptial Agreements - Catherine Parker Law\",\"isPartOf\":{\"@id\":\"https:\/\/frenchcounsel.com\/#website\"},\"datePublished\":\"2011-10-01T20:28:19+00:00\",\"dateModified\":\"2019-05-19T20:37:04+00:00\",\"breadcrumb\":{\"@id\":\"https:\/\/frenchcounsel.com\/index.php\/prenuptial-and-postnuptial-agreements\/#breadcrumb\"},\"inLanguage\":\"en-US\",\"potentialAction\":[{\"@type\":\"ReadAction\",\"target\":[\"https:\/\/frenchcounsel.com\/index.php\/prenuptial-and-postnuptial-agreements\/\"]}]},{\"@type\":\"BreadcrumbList\",\"@id\":\"https:\/\/frenchcounsel.com\/index.php\/prenuptial-and-postnuptial-agreements\/#breadcrumb\",\"itemListElement\":[{\"@type\":\"ListItem\",\"position\":1,\"name\":\"Home\",\"item\":\"https:\/\/frenchcounsel.com\/\"},{\"@type\":\"ListItem\",\"position\":2,\"name\":\"Prenuptial Postnuptial Agreements\"}]},{\"@type\":\"WebSite\",\"@id\":\"https:\/\/frenchcounsel.com\/#website\",\"url\":\"https:\/\/frenchcounsel.com\/\",\"name\":\"Catherine Parker Law\",\"description\":\"LOS ANGELES - PARIS\",\"publisher\":{\"@id\":\"https:\/\/frenchcounsel.com\/#organization\"},\"potentialAction\":[{\"@type\":\"SearchAction\",\"target\":{\"@type\":\"EntryPoint\",\"urlTemplate\":\"https:\/\/frenchcounsel.com\/?s={search_term_string}\"},\"query-input\":\"required name=search_term_string\"}],\"inLanguage\":\"en-US\"},{\"@type\":\"Organization\",\"@id\":\"https:\/\/frenchcounsel.com\/#organization\",\"name\":\"CATHERINE PARKER LAW\",\"url\":\"https:\/\/frenchcounsel.com\/\",\"logo\":{\"@type\":\"ImageObject\",\"inLanguage\":\"en-US\",\"@id\":\"https:\/\/frenchcounsel.com\/#\/schema\/logo\/image\/\",\"url\":\"https:\/\/mlfivfpnfmdn.i.optimole.com\/w:auto\/h:auto\/q:mauto\/https:\/\/frenchcounsel.com\/wp-content\/uploads\/2018\/07\/image.png\",\"contentUrl\":\"https:\/\/mlfivfpnfmdn.i.optimole.com\/w:auto\/h:auto\/q:mauto\/https:\/\/frenchcounsel.com\/wp-content\/uploads\/2018\/07\/image.png\",\"width\":32,\"height\":32,\"caption\":\"CATHERINE PARKER LAW\"},\"image\":{\"@id\":\"https:\/\/frenchcounsel.com\/#\/schema\/logo\/image\/\"},\"sameAs\":[\"https:\/\/www.linkedin.com\/in\/catherine-parker-a061a842\/\"]}]}<\/script>\n<!-- \/ Yoast SEO plugin. -->","yoast_head_json":{"title":"Prenuptial Postnuptial Agreements - Catherine Parker Law","robots":{"index":"index","follow":"follow","max-snippet":"max-snippet:-1","max-image-preview":"max-image-preview:large","max-video-preview":"max-video-preview:-1"},"canonical":"https:\/\/frenchcounsel.com\/index.php\/prenuptial-and-postnuptial-agreements\/","og_locale":"en_US","og_type":"article","og_title":"Prenuptial Postnuptial Agreements - Catherine Parker Law","og_description":"PRENUPTIAL AND POSTNUPTIAL AGREEMENTS California law regarding premarital agreements differs from French law in many ways. In France, future spouses who wish to enter into a premarital agreement (contrat de mariage) must appear together before a notaire prior to the wedding and select with his or her assistance one of the r\u00e9gimes matrimoniaux offered by [...]","og_url":"https:\/\/frenchcounsel.com\/index.php\/prenuptial-and-postnuptial-agreements\/","og_site_name":"Catherine Parker Law","article_modified_time":"2019-05-19T20:37:04+00:00","og_image":[{"width":800,"height":327,"url":"https:\/\/mlfivfpnfmdn.i.optimole.com\/w:auto\/h:auto\/q:mauto\/https:\/\/frenchcounsel.com\/wp-content\/uploads\/2011\/10\/800px-Rings.png","type":"image\/png"}],"twitter_misc":{"Est. reading time":"3 minutes"},"schema":{"@context":"https:\/\/schema.org","@graph":[{"@type":"WebPage","@id":"https:\/\/frenchcounsel.com\/index.php\/prenuptial-and-postnuptial-agreements\/","url":"https:\/\/frenchcounsel.com\/index.php\/prenuptial-and-postnuptial-agreements\/","name":"Prenuptial Postnuptial Agreements - Catherine Parker Law","isPartOf":{"@id":"https:\/\/frenchcounsel.com\/#website"},"datePublished":"2011-10-01T20:28:19+00:00","dateModified":"2019-05-19T20:37:04+00:00","breadcrumb":{"@id":"https:\/\/frenchcounsel.com\/index.php\/prenuptial-and-postnuptial-agreements\/#breadcrumb"},"inLanguage":"en-US","potentialAction":[{"@type":"ReadAction","target":["https:\/\/frenchcounsel.com\/index.php\/prenuptial-and-postnuptial-agreements\/"]}]},{"@type":"BreadcrumbList","@id":"https:\/\/frenchcounsel.com\/index.php\/prenuptial-and-postnuptial-agreements\/#breadcrumb","itemListElement":[{"@type":"ListItem","position":1,"name":"Home","item":"https:\/\/frenchcounsel.com\/"},{"@type":"ListItem","position":2,"name":"Prenuptial Postnuptial Agreements"}]},{"@type":"WebSite","@id":"https:\/\/frenchcounsel.com\/#website","url":"https:\/\/frenchcounsel.com\/","name":"Catherine Parker Law","description":"LOS ANGELES - PARIS","publisher":{"@id":"https:\/\/frenchcounsel.com\/#organization"},"potentialAction":[{"@type":"SearchAction","target":{"@type":"EntryPoint","urlTemplate":"https:\/\/frenchcounsel.com\/?s={search_term_string}"},"query-input":"required name=search_term_string"}],"inLanguage":"en-US"},{"@type":"Organization","@id":"https:\/\/frenchcounsel.com\/#organization","name":"CATHERINE PARKER LAW","url":"https:\/\/frenchcounsel.com\/","logo":{"@type":"ImageObject","inLanguage":"en-US","@id":"https:\/\/frenchcounsel.com\/#\/schema\/logo\/image\/","url":"https:\/\/mlfivfpnfmdn.i.optimole.com\/w:auto\/h:auto\/q:mauto\/https:\/\/frenchcounsel.com\/wp-content\/uploads\/2018\/07\/image.png","contentUrl":"https:\/\/mlfivfpnfmdn.i.optimole.com\/w:auto\/h:auto\/q:mauto\/https:\/\/frenchcounsel.com\/wp-content\/uploads\/2018\/07\/image.png","width":32,"height":32,"caption":"CATHERINE PARKER LAW"},"image":{"@id":"https:\/\/frenchcounsel.com\/#\/schema\/logo\/image\/"},"sameAs":["https:\/\/www.linkedin.com\/in\/catherine-parker-a061a842\/"]}]}},"_links":{"self":[{"href":"https:\/\/frenchcounsel.com\/index.php\/wp-json\/wp\/v2\/pages\/267"}],"collection":[{"href":"https:\/\/frenchcounsel.com\/index.php\/wp-json\/wp\/v2\/pages"}],"about":[{"href":"https:\/\/frenchcounsel.com\/index.php\/wp-json\/wp\/v2\/types\/page"}],"author":[{"embeddable":true,"href":"https:\/\/frenchcounsel.com\/index.php\/wp-json\/wp\/v2\/users\/3"}],"replies":[{"embeddable":true,"href":"https:\/\/frenchcounsel.com\/index.php\/wp-json\/wp\/v2\/comments?post=267"}],"version-history":[{"count":49,"href":"https:\/\/frenchcounsel.com\/index.php\/wp-json\/wp\/v2\/pages\/267\/revisions"}],"predecessor-version":[{"id":1830,"href":"https:\/\/frenchcounsel.com\/index.php\/wp-json\/wp\/v2\/pages\/267\/revisions\/1830"}],"wp:featuredmedia":[{"embeddable":true,"href":"https:\/\/frenchcounsel.com\/index.php\/wp-json\/wp\/v2\/media\/1024"}],"wp:attachment":[{"href":"https:\/\/frenchcounsel.com\/index.php\/wp-json\/wp\/v2\/media?parent=267"}],"curies":[{"name":"wp","href":"https:\/\/api.w.org\/{rel}","templated":true}]}}